v = i*v - 150. List the prime factors of v.
3, 5
Let f = -208 - -213. What are the prime factors of f?
5
Suppose 5*c = 6*c. Let w = c - -2. Suppose 0 = -5*r + 2*b + 140, w*r + 4*b = -0*b + 32. List the prime factors of r.
2, 13
Suppose -314*z = -317*z + 1545. List the prime factors of z.
5, 103
Let u(x) = 2*x**2 - 6*x - 24. Suppose 0 = 2*l + 26 - 10. What are the prime factors of u(l)?
2, 19
Let r(i) = i**3 - 27*i**2 - 17*i + 98. List the prime factors of r(28).
2, 7, 29
Suppose -j - 34 = f, -5*f = j - f + 22. Suppose 2*r = 6*r + 252. Let v = j - r. What are the prime factors of v?
5
Let o be (16 - 19)/(2/(-4)). Let a(m) = -5*m + 68. List the prime factors of a(o).
2, 19
Let l = 7 + -12. Let s = l - -9. Suppose s*u = 2*n + 22, 0*u - 15 = -2*u - 3*n. What are the prime factors of u?
2, 3
Let d = 68 - 87. What are the prime factors of d/(-76)*(-1012)/(-1)?
11, 23
Let l be 3/(-4) + (-9)/36. Let d = l + 6. Suppose -d*i + 80 = -5*y, i + 5*y - 3 + 5 = 0. What are the prime factors of i?
13
Suppose -5 = 2*r + 2*d - 13, -3*d = 4*r - 12. Suppose 3*t = -r*t. Suppose -3*z + 5*z - 18 = t. What are the prime factors of z?
3
Let b(f) = 2*f**2 - 5*f + 2. Let d be b(-2). What are the prime factors of d/(-15)*-3 - -73?
7, 11
What are the prime factors of (12/36)/(2 + 33505/(-16755))?
1117
Suppose -4*x = 4*x + 80. Let a(n) = n**2 + 3*n + 10. What are the prime factors of a(x)?
2, 5
Let r(z) = z - 9. Let h(s) = 2*s - 1. Let m(p) = p**2 - 5*p + 3. Let a(l) = 11*h(l) + 4*m(l). Let w be a(-2). What are the prime factors of r(w)?
2
Let n = 1357 + -482. List the prime factors of n.
5, 7
Let p(s) = s**2 - 1. Let k be p(-2). Suppose -105 = 11*m - 127. Suppose 2*w - 3*j = 136, k*w - 323 = -m*w - j. What are the prime factors of w?
5, 13
Let o be 2 + (0 + -65 - -3). What are the prime factors of 24/8 - o/2?
3, 11
Let o be ((-8)/6)/4 + (-2)/(-6). Suppose 6*b - 4*b - 342 = o. List the prime factors of b.
3, 19
Suppose 459*d = 455*d + 18504. List the prime factors of d.
2, 3, 257
List the prime factors of (-499 + -3)/((-2)/3).
3, 251
Let c be ((-2)/(-16)*-6)/((-18)/48). Let g = -10 + 26. Suppose -3*s + c*s + g = 0. What are the prime factors of s?
2
Suppose -o = -5*p + 2973, -4*p - 3*o + 2372 = -7*o. List the prime factors of p.
5, 7, 17
Let n(u) be the second derivative of u**4/12 + u**3/6 + 3*u**2 + u. Let k be n(5). Suppose 4*i - 68 = k. List the prime factors of i.
2, 13
Let c(f) = 27*f - 2. Let w(x) = -26*x + 1. Let m(b) = 5*c(b) + 6*w(b). What are the prime factors of m(-14)?
2, 5, 29
Let z = -2544 + 6476. List the prime factors of z.
2, 983
Suppose -7 = -j - 1. Suppose -j*c + 580 = -260. List the prime factors of c.
2, 5, 7
Suppose 0 = -4*l - w + 877 + 895, 0 = 2*l + 5*w - 868. What are the prime factors of l?
2, 3, 37
Let y = 51 + -347. What are the prime factors of y/(-10) + 8/20?
2, 3, 5
Let i = 84 + -48. Suppose 4*a = -6*x + 3*x + 68, 2*x + 5*a - i = 0. What are the prime factors of x?
2, 7
Let d(s) = 16*s**2 - 6. Let u be d(-9). Suppose u = -5*t + 15*t. List the prime factors of t.
3, 43
Suppose s - 214 = 3*d - 6*d, 0 = 5*d - 4*s - 351. Let u = -28 + d. Let o = u + 8. List the prime factors of o.
3, 17
Let k(u) = 38*u**2 + 75*u - 6. List the prime factors of k(-8).
2, 11, 83
Suppose p + 8 = -3*p. Let w be 178/8 - p/(-8). Let c = -5 + w. List the prime factors of c.
17
Let f(j) = 57*j + 111. What are the prime factors of f(4)?
3, 113
Let f be (10 - 2)*1169/14. Suppose 3*l = -d + f, 7*d - 3*d + 688 = 3*l. List the prime factors of l.
2, 7
Let a(p) = -p**2 - 15*p - 16. Let m be a(-16). Let x = 50 + m. What are the prime factors of x?
2, 3
Let h(t) be the third derivative of -79*t**5/60 + t**4/12 + t**3/3 + 4*t**2. Let a be h(-1). Let b = a - -114. What are the prime factors of b?
5, 7
Suppose c - 3*i = 27, 2*i = -2*c - 0*c + 14. What are the prime factors of c?
2, 3
Suppose -3 = 2*x - 3*x. Let p(h) = -x - 5*h**2 + 5*h**2 - 8*h + 10 + h**2. What are the prime factors of p(10)?
3
Let b = -14 - -14. Suppose -t = 4*f + 11, -3*t + b*f - 3*f = -3. Let o = t - -20. List the prime factors of o.
5
Let o be (5 + -3 + -2)/(-1). Suppose 2*d - 8 - 52 = o. Suppose 5 + d = i. List the prime factors of i.
5, 7
Let y be (-57)/(-21) + -3 - 1591/(-7). Let x = 393 - y. What are the prime factors of x?
2, 83
Let y = -938 - -1372. What are the prime factors of y?
2, 7, 31
Let j(b) = -3*b**3 - 35*b**2 - 24*b - 72. What are the prime factors of j(-14)?
2, 409
Let l(u) = -u**2 - 5*u + 8. Let r be l(-6). Suppose 2*k = 5*m - 29, m + 2*k + r = 5*k. What are the prime factors of m?
7
Let g be ((-4587)/22)/((-6)/4). Let q = -90 + g. What are the prime factors of q?
7
Suppose -3*g = -2*g - 4. Suppose -21 + 77 = g*l. What are the prime factors of l?
2, 7
Suppose 6*s + 8 = 10*s. What are the prime factors of (2 - 662)/(-5) - s?
2, 5, 13
Suppose 21 = -5*x + 2*f - 319, 145 = -2*x - f. List the prime factors of 23/(3 - x/(-25)).
5, 23
Let o = -243 - -395. Let j = -48 + o. What are the prime factors of j?
2, 13
Suppose -18 = -5*n + 11*n. List the prime factors of ((-244)/(-10) + n)/((-1)/(-5)).
107
Suppose 3*k + 5*b - 406 = k, -3*b + 204 = k. What are the prime factors of k?
2, 3, 11
Suppose 0 = 2*o - 7*o + 15. Suppose 9 = o*z, 0*z - 65 = -2*p - 3*z. Let y = p - 10. What are the prime factors of y?
2, 3
Let q(y) = -70*y + 153. List the prime factors of q(-6).
3, 191
Suppose -3756 = -4*d + 4*i, -d - i + 3761 = 3*d. What are the prime factors of d?
2, 5, 47
Suppose 0 = -3*a - 12, 0 = -d + 5*d - 3*a - 24. Let j = d - -3. Let n = j + 41. What are the prime factors of n?
47
Let p(l) = 109*l**2 - 14*l + 57. What are the prime factors of p(5)?
2, 3, 113
Suppose 2*m - 1081 = x + 1024, -2*x - 2102 = -2*m. What are the prime factors of m?
2, 17, 31
Suppose b + 3*b = 972. Suppose -5*p - b = s - 0*s, 0 = -p + 2*s - 53. Let a = -23 - p. List the prime factors of a.
2, 13
Let w = 35 + -42. Let l = 36 - w. What are the prime factors of l?
43
Let l = -14 + 14. Suppose -5*r + d + 709 = l, -2*r = 2*r - 5*d - 563. List the prime factors of r.
2, 71
Let j be 112/(-24)*(-3)/(-2). Let o(m) = -3*m - 9. Let t(a) = -3*a - 9. Let k(q) = 3*o(q) - 2*t(q). What are the prime factors of k(j)?
2, 3
Suppose 80 + 102 = 7*c. Suppose -c*v + 22*v = -268. What are the prime factors of v?
67
Suppose 10766 = 17*n - 2596. What are the prime factors of n?
2, 3, 131
Let y be (-6)/(-8) - 684/(-48). Suppose 0 = 6*f - f - y. Suppose f*m - 83 = 4*i, -21 = 4*m - 2*i - 125. What are the prime factors of m?
5
Let i(c) = c**2 - 5*c - 45. Let f be i(-5). List the prime factors of (196/f - -1)/(9/45).
3, 67
Let y = 36 + -11. Suppose 14 = 4*c - 2*w, -5*c = 4*w - y - 25. What are the prime factors of c?
2, 3
Suppose 4*k - y - 55 - 13 = 0, -3*k = 3*y - 66. Suppose 0 = -4*i - 5*x + 13 + k, -23 = -5*i - x. List the prime factors of i.
2
Let b(u) = -554*u**3 - u**2 + 2*u + 3. What are the prime factors of b(-1)?
2, 277
Suppose -3092 + 732 = -4*y. List the prime factors of y.
2, 5, 59
Let h(u) = 39*u + 91. What are the prime factors of h(42)?
7, 13, 19
Suppose 15*i - 5688 + 753 = 0. What are the prime factors of i?
7, 47
Let h be 7/3 + (-1)/3. Suppose h*v - 87 = -v. What are the prime factors of v?
29
Let d(h) = -h**2 - 15*h - 5. Let j be d(-14). Let v = -4 + j. Suppose 20 = v*x - x. What are the prime factors of x?
5
Suppose 5*c + 22 = 6*c + 5*i, -4*c + 12 = i. Suppose 0 = -4*l + 3*a + 623 + 171, 392 = c*l - 4*a. What are the prime factors of l?
2, 5
Let c be (-10)/(-4) + (-4)/8. Let g be c + 0 + (3 - 2). Suppose g*h - h - 84 = -4*b, -2*h = b - 27. List the prime factors of b.
19
Suppose -8*v + 4*x = -4*v - 96, v = 5*x + 40. Suppose -y = 4*y - v. Suppose 0 = -7*j + y*j + 171. What are the prime factors of j?
3, 19
Let b be -9*(-1 - 25/(-15)). Let j be 3 + 1/2*b. Suppose 0 = -j*o - 5*o + 70. List the prime factors of o.
2, 7
Let b = 2 - 11. Let d be (-1896)/b - (-2)/(-3). Suppose -10*x = -5*x - d. What are the prime factors of x?
2, 3, 7
Let u(v) = -9*v + 17. Let r(b) = -7*b + 1. Let n be r(1). What are the prime factors of u(n)?
71
Let s = -2941 - -5730. What are the prime factors of s?
2789
Let a = 24 - 17. Let s = 19 - a. What are the prime factors of 2/s + (-298)/(-12)?
5
Suppose 5*b + 84 = 9*b. Let n be 38/(-3) + 14/b. List the prime factors of (-12